80). Let z(p) = p**2 + 7*p + 19. Calculate z(h).
97
Let s(n) = 8*n - 30. Let g be s(4). Let j(b) = -1 + 2*b**2 + 4 - 8*b + 3*b**g - 4*b**2. Let w be (-1)/(-8) + (-390)/(-80). Calculate j(w).
-12
Suppose -4*c - 13*q + 16 = -10*q, -3*c + 5*q + 41 = 0. Let d(p) = p**2 - 8*p + 30. Calculate d(c).
23
Let u(p) = -38*p + 180. Suppose 4*r - 26 = -2*s, 4*r - 13 = -5*s + 7*r. What is u(s)?
-10
Suppose 33*f - 33 = 30*f. Let y(l) = -l - l**3 + f + 14 - 26 - l**2. Determine y(0).
-1
Let y(n) = n**3 + 3*n**2 - 42*n - 5. Let s(p) = -4*p**2 - 135*p - 484. Let o be s(-4). Give y(o).
11
Let j(q) = 23*q - 6. Let l be j(2). Suppose -14*w + l - 12 = 0. Let x(r) = 7*r**w - 1 - 4*r**2 + 6*r - 2*r**2. Give x(-3).
-10
Suppose 4*z = -1 + 37. Suppose 4*r = 23 + z. Suppose -4*w - 4 = r. Let h(t) = 2*t - 1. Give h(w).
-7
Let j be (-18)/(288/(-44)) - 4/(-16). Let g(i) be the third derivative of 12*i**2 + 1/60*i**5 + 0 + 1/4*i**4 - 3/2*i**j + 0*i. Determine g(-8).
7
Suppose c + 4*r - 17 = 0, 2*c + 4 = 2*r - 2. Let h(a) = -2*a + 6 + c + 10 - 2 - 2. Suppose 4 = 2*k, b + 0*k + 2*k - 14 = 0. What is h(b)?
-7
Let x be (2/2)/(((-9)/4)/(-9)). Let r be 9 + (-4 - -12)/(x/(-2)). Suppose 4*m + r = 29. Let v(f) = f**2 - 6*f - 7. Give v(m).
-7
Let h = -8 - -17. Let i(p) be the second derivative of -p**4/12 + 5*p**3/3 - 3*p**2/2 - 11*p + 10. Determine i(h).
6
Let l(x) = 18*x**2 - 2*x - 1. Let z(k) = 59*k**2 + 7*k - 16. Let h be z(-3). Suppose 0 = 495*d - h*d + 1. Calculate l(d).
19
Let w(t) be the second derivative of t**3/3 + t**2 + 8*t. Let n(f) = -5*f**3 - f**2 + 2. Let o be n(-1). Calculate w(o).
14
Let g(z) = -4*z**3 - 2*z**2 + z - 1. Let t = 18 - 4. Suppose -t = 7*k + 14. Let c(b) = -2*b - 10. Let q be c(k). Give g(q).
21
Let i = 173 + -136. Let t(g) = 4*g - 3*g + 42 - 26*g**2 + g**3 + 26*g**2 - i. Let q(b) = -b - 4. Let p be q(-4). Calculate t(p).
5
Let j = 538 - 535. Let w(s) = -j + 3*s + 9 - 31 + 12. Give w(9).
14
Let f(j) = 0 + 375*j + 3 - 378*j. Let u(p) be the third derivative of -p**6/120 + p**5/20 - p**4/24 + p**3 + 20*p**2. Let z be u(3). Calculate f(z).
-6
Let r(n) = 8*n**2 - 4*n + 1. Let c(i) = -7*i**2 + 3*i. Let l(m) = -7*c(m) - 6*r(m). Suppose 44*x + 129 + 187 - 8 = 0. Calculate l(x).
22
Suppose 0 = -12*m - 300 + 1068. Let c be (1 + 2)*(m/(-3) + 6). Let o = -41 - c. Let y(i) = -i**3 + 7*i**2 - 8*i + 5. Calculate y(o).
15
Let p(h) = -5*h + 15. Let n(l) = -20*l + 60. Let b(g) = 4*n(g) - 15*p(g). Let j be b(2). Let s(y) = -3*y**2 + 6*y - 5. Determine s(j).
-50
Let u(r) = 18*r + 214*r**2 + 4 - 7*r**3 + 18*r**3 - 225*r**2 - 10*r**3 + 6. Give u(9).
10
Let o(r) be the first derivative of r**4/4 + 7*r**3/3 - 4*r**2 + 4*r + 1198. Calculate o(-7).
60
Let o(j) = 48*j + 6. Let n = -111 - -128. Let g(u) = -17*u - 2. Let l(h) = n*g(h) + 6*o(h). Determine l(-6).
8
Suppose 26*o - 10*o = -32. Let z be 2/(-6)*(-2 + o - -16). Let l(h) = -7*h + 0*h**3 + h**2 - 6 + 2*h**3 - h**3. Calculate l(z).
-26
Suppose -29*g - 3624 + 3566 = 0. Let r(u) = 6*u**3 + 3*u**2 - 2. Give r(g).
-38
Let d(g) be the first derivative of -g**2 + 4*g + 92. Let z(q) = q**2 - 11*q + 33. Let b be z(7). Give d(b).
-6
Let x(g) = 16*g + 1. Suppose -153 = -112*m + 95*m. Let z be ((-4)/(-12))/(m/(-27)). Determine x(z).
-15
Suppose 28 = -12*x + 5*x. Let q(v) be the second derivative of v**4/12 + v**3/2 + 7*v**2/2 - 31*v - 12. Determine q(x).
11
Let f(o) be the first derivative of o**2/2 + 8*o + 4589. Let s = -8 + 12. Suppose -s*b = 24 + 4. Determine f(b).
1
Let f(k) = 7003 - 14038 + 7038 - 3*k + 45*k**2. Determine f(1).
45
Let j(r) = -6*r**2 + 10*r - 9. Let i be j(1). Let u(x) = x**3 + 5*x**2 + 13. Determine u(i).
13
Suppose -53 = 4*f + 11. Let h(k) = -8 - 3 - 359*k**3 - 2 + 6*k**2 - 17*k + 9*k**2 + 360*k**3. Calculate h(f).
3
Suppose 53*b = 57*b + 40. Let f be 7 + (-1 + b/(-15))*12. Let j(m) = m**3 - 3*m**2 - 5*m + 4. Give j(f).
-11
Let t(v) = -4*v**3 + 6*v + 4. Let o(s) = -7*s**3 - s**2 + 11*s + 8. Let y(l) = 3*o(l) - 5*t(l). Let x = 461 - 461. Suppose -19*w - 23 - 34 = x. What is y(w)?
-5
Suppose 0 = -3*p - 3*s, -2*s + 8 = -0*s. Let m(d) be the first derivative of 2*d - 1/2*d**2 - 2 - 1/3*d**3. What is m(p)?
-10
Let f(r) be the third derivative of r**5/60 + 7*r**4/24 + 3*r**3/2 - 14*r**2 - 71. Give f(-6).
3
Let n(o) = -3*o**2 - 24*o - 1. Suppose -4*b - 38 - 18 = 4*u, -20 = 4*b - 2*u. Give n(b).
-1
Let y(d) = -2*d**2 + 27*d - 54. Let s(a) be the second derivative of a**4/12 - 13*a**3/6 + 25*a**2/2 + 2*a - 87. Let p(o) = 13*s(o) + 6*y(o). What is p(8)?
9
Let r(o) = o**2 - 8*o - 2. Let l be 13*(3 + (1 - (1 + 2))). Suppose l*s + 64 = 21*s. Determine r(s).
-2
Suppose -41 = -2*g - 31. Let f(w) = -26*w**2 - 3 + w + 32*w**2 - 3*w. Let a(q) = q**2 + q - 1. Let t(y) = g*a(y) - f(y). What is t(6)?
4
Suppose -5*o = -4*c + 582, -6*c + o + 574 = -2*c. Let j = 139 - c. Let l(t) = t**2 + 5*t + 10. Determine l(j).
6
Let u(h) = 2*h**2 + 22*h - 21. Suppose -446 + 414 = -32*c. Determine u(c).
3
Let k(s) = -s**3 - 2*s**2 - 11*s - 3. Let o = -29 - -29. Determine k(o).
-3
Let d(h) = -h - 6. Let z be d(-14). Suppose -21*o - 13 = z. Let f(c) = 4*c**2 - 2*c - 1. Determine f(o).
5
Let u = 64 + -66. Let a be u - 1/2*-22. Let b(m) = 2*m**2 + 8*m**2 + 5 - a*m**2 - m - 7*m. Give b(8).
5
Let g(r) = -4*r - 46. Let v(z) = 18*z + 202. Let a(f) = -22*g(f) - 5*v(f). Let i be ((-117)/65)/(2/(-10)). Determine a(i).
-16
Let y(l) = -2*l**3 + 11*l**2 + 3*l + 15. Let h = -25572 + 25578. Determine y(h).
-3
Let t be (1/2)/((-2)/(-20)). Suppose 3*r = t*r - 2. Let b be (-2 - r)/(6/(-4)). Let j(w) = -4*w. What is j(b)?
-8
Let l(x) = 2994 - 5986 - x**2 + 2980 - 7*x. Determine l(-5).
-2
Let o = 7 + -2. Let z(t) = -2*t**2 - 1303 + 430 + 6*t + 439 + 429. Determine z(o).
-25
Suppose w + 2*a - 11 = 0, 5*w + a + 6 - 7 = 0. Let h(c) = -7*c**2 - 4*c - 2. Determine h(w).
-5
Let o(w) = -3*w**2 - 24*w - 27. Let h(z) = 7*z**2 + 50*z + 54. Let g(v) = -4*h(v) - 9*o(v). Determine g(15).
42
Let u(d) = -2*d**2 + 11*d - 6. Let p be (24/(-9))/((-4)/(-6)). Let y(b) = -2*b**2 + 10*b - 6. Let h(t) = p*u(t) + 5*y(t). Give h(3).
-6
Let d(h) be the third derivative of 0*h + 7*h**2 + 1/24*h**4 + 0 - 1/2*h**3. Let c(x) = -x. Let o(i) = 3*c(i) - d(i). Give o(2).
-5
Let k(f) = -f**3 + 8*f**2 + 2*f. Let g be 4 - (-8 - -16)*(4/(-2))/4. Determine k(g).
16
Let x(h) = -h + 2. Suppose -10 = 12*p - 17*p. Suppose -z = -6*z + p*z. Suppose 3*t - 4 - 11 = z. What is x(t)?
-3
Let y(x) = -20*x**3 - x**2 + 2*x - 1. Let n = -45 - -51. Suppose 2*b - 2 = 0, -2*b = 5*c - n*b - 91. Suppose 4*q + 15 = c. Determine y(q).
-20
Suppose 372 = i + 4*m, -5*m - 385 - 714 = -3*i. Let l = i + -362. Let r(c) = -c**3 + 6*c**2 - 3*c + 15. Determine r(l).
-3
Let t(v) = 2*v**2 - v - 7. Let i(p) = -p**2 - 24*p - 77. Let f be i(-4). Determine t(f).
8
Let i be ((-10)/8)/((-2)/8). Let t(q) = 996 - 2000 - 4052*q**2 + 1005 - 12*q + 4053*q**2. Calculate t(i).
-34
Let n(w) = -w**2 - 5*w + 42. Let m be 242 + -243 + -1*8. What is n(m)?
6
Let a(z) = 6*z**2 - 106*z + 209. Let u be a(2). Let j(v) = -v**3 + 21*v**2 + 2*v - 7. Calculate j(u).
35
Let y(w) = -201*w + 36 + 442*w + w**2 - 256*w. Determine y(9).
-18
Suppose 0 = 2*u - 3*x - 1367, -2*u + 0*u = 2*x - 1362. Let k be 3*(u/42 - 12/(-28)). Suppose k*y + 12 = 53*y. Let t(h) = h**2 - 2*h - 4. Calculate t(y).
4
Let v(q) = 2*q - 3569254 + 3569257 - 10*q. Determine v(-5).
43
Suppose 0 = n + 5 - 9. Let p(i) be the second derivative of i**3/2 + 3*i**2/2 + i - 11. Give p(n).
15
Let z(g) = -g**3 - 8*g**2 + 9*g + 5. Let q be (6 + 4/(-1))/(-1)*18/4. What is z(q)?
5
Let m(b) = -b**3 + 3*b**2 - 5. Let k(c) = -c**2 - c. Let o(f) = -3*k(f) + m(f). Let z(j) = -j**2 - 10*j - 15. Let p be z(-7). Determine o(p).
13
Let k(r) = -3*r**2 - 4 - 7*r + 2*r**2 + 2 + 0*r**2. Let j(n) = -97*n + 770. Let t be j(8). Determine k(t).
4
Let o(c) = -c**2 - 4*c - 25. Let s(m) = m**2 + m + 3. Let w(x) = -o(x) - 2*s(x). Determine w(0).
19
Let v(x) = 27*x + 24. Suppose -3740*z = -3839*z - 198. Calculate v(z).
-30
Let d(g) = -g + 1. Suppose 2*v - 168 + 638 = 0. Let j = 235 + v. What is d(j)?
1
Let h(q) be the first derivative of -q**4/4 - 5*q**3/3 - q**2/2 - 4*q - 39. Let f be (-304)/32 - 22/(-4). Give h(f).
-16
Let g(u) = 25*u + 1. Suppose 9*l - 8*l + 11 = -i, -5*i - 61 = 2*l. Let k be (0 + 3 - 7)/(9 + i). Calculate g(k).
26